{"id":32,"date":"2023-02-04T13:32:05","date_gmt":"2023-02-04T13:32:05","guid":{"rendered":"https:\/\/biohof-sonnleiten.at\/?page_id=32"},"modified":"2024-11-02T17:20:09","modified_gmt":"2024-11-02T17:20:09","slug":"pflanzenmarkt","status":"publish","type":"page","link":"https:\/\/biohof-sonnleiten.at\/?page_id=32","title":{"rendered":"Jungpflanzenmarkt"},"content":{"rendered":"\n<p class=\"has-text-align-center has-black-color has-text-color has-link-color wp-elements-120f0e227487561210dcb31ab578c48f\">Jedes Jahr im Fr\u00fchjahr findet bei uns am Hof ein Jungpflanzenmarkt statt. Neben einer Vielzahl von unterschiedlichen Gem\u00fcsesorten gibt es auch Kr\u00e4uter- und Blumenjungpflanzen. <br>Die Jungpflanzen werden alle per Hand ges\u00e4t und pikiert und wachsen ausschlie\u00dflich mit Sonnenlicht zu gro\u00dfen Setzlingen heran. Das Saatgut beziehen wir von Reinsaat und ist daher gepr\u00fcfte Bio-Qualit\u00e4t und frei von Gentechnik.<br>Die diesj\u00e4hringen Termine findest du hier: <\/p>\n\n\n\n<p><\/p>\n\n\n\n<figure class=\"wp-block-gallery has-nested-images columns-default is-cropped wp-block-gallery-1 is-layout-flex wp-block-gallery-is-layout-flex\">\n<figure class=\"wp-block-image size-large\"><img loading=\"lazy\" decoding=\"async\" width=\"1024\" height=\"683\" data-id=\"230\" src=\"https:\/\/biohof-sonnleiten.at\/wp-content\/uploads\/2024\/11\/Jungpflanzen-2024-10-1024x683.jpg\" alt=\"\" class=\"wp-image-230\" srcset=\"https:\/\/biohof-sonnleiten.at\/wp-content\/uploads\/2024\/11\/Jungpflanzen-2024-10-1024x683.jpg 1024w, https:\/\/biohof-sonnleiten.at\/wp-content\/uploads\/2024\/11\/Jungpflanzen-2024-10-300x200.jpg 300w, https:\/\/biohof-sonnleiten.at\/wp-content\/uploads\/2024\/11\/Jungpflanzen-2024-10-768x512.jpg 768w\" sizes=\"auto, (max-width: 1024px) 100vw, 1024px\" \/><\/figure>\n\n\n\n<figure class=\"wp-block-image size-large\"><img loading=\"lazy\" decoding=\"async\" width=\"683\" height=\"1024\" data-id=\"229\" src=\"https:\/\/biohof-sonnleiten.at\/wp-content\/uploads\/2024\/11\/Jungpflanzen-2024-5-683x1024.jpg\" alt=\"\" class=\"wp-image-229\" srcset=\"https:\/\/biohof-sonnleiten.at\/wp-content\/uploads\/2024\/11\/Jungpflanzen-2024-5-683x1024.jpg 683w, https:\/\/biohof-sonnleiten.at\/wp-content\/uploads\/2024\/11\/Jungpflanzen-2024-5-200x300.jpg 200w, https:\/\/biohof-sonnleiten.at\/wp-content\/uploads\/2024\/11\/Jungpflanzen-2024-5-768x1152.jpg 768w, https:\/\/biohof-sonnleiten.at\/wp-content\/uploads\/2024\/11\/Jungpflanzen-2024-5-1024x1536.jpg 1024w, https:\/\/biohof-sonnleiten.at\/wp-content\/uploads\/2024\/11\/Jungpflanzen-2024-5-1365x2048.jpg 1365w, https:\/\/biohof-sonnleiten.at\/wp-content\/uploads\/2024\/11\/Jungpflanzen-2024-5-scaled.jpg 1707w\" sizes=\"auto, (max-width: 683px) 100vw, 683px\" \/><\/figure>\n\n\n\n<figure class=\"wp-block-image size-large\"><img loading=\"lazy\" decoding=\"async\" width=\"1024\" height=\"683\" data-id=\"235\" src=\"https:\/\/biohof-sonnleiten.at\/wp-content\/uploads\/2024\/11\/DSC06585-1-1024x683.jpg\" alt=\"\" class=\"wp-image-235\" srcset=\"https:\/\/biohof-sonnleiten.at\/wp-content\/uploads\/2024\/11\/DSC06585-1-1024x683.jpg 1024w, https:\/\/biohof-sonnleiten.at\/wp-content\/uploads\/2024\/11\/DSC06585-1-300x200.jpg 300w, https:\/\/biohof-sonnleiten.at\/wp-content\/uploads\/2024\/11\/DSC06585-1-768x512.jpg 768w, https:\/\/biohof-sonnleiten.at\/wp-content\/uploads\/2024\/11\/DSC06585-1-1536x1024.jpg 1536w, https:\/\/biohof-sonnleiten.at\/wp-content\/uploads\/2024\/11\/DSC06585-1-2048x1365.jpg 2048w\" sizes=\"auto, (max-width: 1024px) 100vw, 1024px\" \/><\/figure>\n\n\n\n<figure class=\"wp-block-image size-large\"><img loading=\"lazy\" decoding=\"async\" width=\"1024\" height=\"683\" data-id=\"234\" src=\"https:\/\/biohof-sonnleiten.at\/wp-content\/uploads\/2024\/11\/DSC06579-1024x683.jpg\" alt=\"\" class=\"wp-image-234\" srcset=\"https:\/\/biohof-sonnleiten.at\/wp-content\/uploads\/2024\/11\/DSC06579-1024x683.jpg 1024w, https:\/\/biohof-sonnleiten.at\/wp-content\/uploads\/2024\/11\/DSC06579-300x200.jpg 300w, https:\/\/biohof-sonnleiten.at\/wp-content\/uploads\/2024\/11\/DSC06579-768x512.jpg 768w, https:\/\/biohof-sonnleiten.at\/wp-content\/uploads\/2024\/11\/DSC06579-1536x1024.jpg 1536w, https:\/\/biohof-sonnleiten.at\/wp-content\/uploads\/2024\/11\/DSC06579-2048x1365.jpg 2048w\" sizes=\"auto, (max-width: 1024px) 100vw, 1024px\" \/><\/figure>\n\n\n\n<figure class=\"wp-block-image size-large\"><img loading=\"lazy\" decoding=\"async\" width=\"1024\" height=\"683\" data-id=\"233\" src=\"https:\/\/biohof-sonnleiten.at\/wp-content\/uploads\/2024\/11\/DSC06563-1024x683.jpg\" alt=\"\" class=\"wp-image-233\" srcset=\"https:\/\/biohof-sonnleiten.at\/wp-content\/uploads\/2024\/11\/DSC06563-1024x683.jpg 1024w, https:\/\/biohof-sonnleiten.at\/wp-content\/uploads\/2024\/11\/DSC06563-300x200.jpg 300w, https:\/\/biohof-sonnleiten.at\/wp-content\/uploads\/2024\/11\/DSC06563-768x512.jpg 768w, https:\/\/biohof-sonnleiten.at\/wp-content\/uploads\/2024\/11\/DSC06563-1536x1024.jpg 1536w, https:\/\/biohof-sonnleiten.at\/wp-content\/uploads\/2024\/11\/DSC06563-2048x1365.jpg 2048w\" sizes=\"auto, (max-width: 1024px) 100vw, 1024px\" \/><\/figure>\n<\/figure>\n\n\n\n<hr class=\"wp-block-separator has-alpha-channel-opacity is-style-default\"\/>\n\n\n\n<div style=\"height:100px\" aria-hidden=\"true\" class=\"wp-block-spacer\"><\/div>\n\n\n<div class=\"wp-block-image\">\n<figure class=\"aligncenter size-large\"><img loading=\"lazy\" decoding=\"async\" width=\"730\" height=\"1024\" src=\"https:\/\/biohof-sonnleiten.at\/wp-content\/uploads\/2024\/04\/Sonnleiten-Pflanzenmarkt-Flyer-730x1024.png\" alt=\"\" class=\"wp-image-158\" srcset=\"https:\/\/biohof-sonnleiten.at\/wp-content\/uploads\/2024\/04\/Sonnleiten-Pflanzenmarkt-Flyer-730x1024.png 730w, https:\/\/biohof-sonnleiten.at\/wp-content\/uploads\/2024\/04\/Sonnleiten-Pflanzenmarkt-Flyer-214x300.png 214w, https:\/\/biohof-sonnleiten.at\/wp-content\/uploads\/2024\/04\/Sonnleiten-Pflanzenmarkt-Flyer-768x1077.png 768w, https:\/\/biohof-sonnleiten.at\/wp-content\/uploads\/2024\/04\/Sonnleiten-Pflanzenmarkt-Flyer-1095x1536.png 1095w, https:\/\/biohof-sonnleiten.at\/wp-content\/uploads\/2024\/04\/Sonnleiten-Pflanzenmarkt-Flyer-1461x2048.png 1461w, https:\/\/biohof-sonnleiten.at\/wp-content\/uploads\/2024\/04\/Sonnleiten-Pflanzenmarkt-Flyer.png 1820w\" sizes=\"auto, (max-width: 730px) 100vw, 730px\" \/><\/figure>\n<\/div>\n\n\n<p><\/p>\n","protected":false},"excerpt":{"rendered":"<p>Jedes Jahr im Fr\u00fchjahr findet bei uns am Hof ein Jungpflanzenmarkt statt. Neben einer Vielzahl von unterschiedlichen Gem\u00fcsesorten gibt es auch Kr\u00e4uter- und Blumenjungpflanzen. Die Jungpflanzen werden alle per Hand ges\u00e4t und pikiert und wachsen ausschlie\u00dflich mit Sonnenlicht zu gro\u00dfen Setzlingen heran. Das Saatgut beziehen wir von Reinsaat und ist daher gepr\u00fcfte Bio-Qualit\u00e4t und frei von Gentechnik.Die diesj\u00e4hringen Termine findest du hier:<\/p>\n","protected":false},"author":1,"featured_media":120,"parent":0,"menu_order":0,"comment_status":"closed","ping_status":"closed","template":"","meta":{"iawp_total_views":487,"footnotes":""},"class_list":["post-32","page","type-page","status-publish","has-post-thumbnail","hentry"],"yoast_head":"<!-- This site is optimized with the Yoast SEO plugin v23.7 - https:\/\/yoast.com\/wordpress\/plugins\/seo\/ -->\n<title>Jungpflanzenmarkt - Biohof Sonnleiten<\/title>\n<meta name=\"robots\" content=\"index, follow, max-snippet:-1, max-image-preview:large, max-video-preview:-1\" \/>\n<link rel=\"canonical\" href=\"https:\/\/biohof-sonnleiten.at\/?page_id=32\" \/>\n<meta property=\"og:locale\" content=\"de_DE\" \/>\n<meta property=\"og:type\" content=\"article\" \/>\n<meta property=\"og:title\" content=\"Jungpflanzenmarkt - Biohof Sonnleiten\" \/>\n<meta property=\"og:description\" content=\"Jedes Jahr im Fr\u00fchjahr findet bei uns am Hof ein Jungpflanzenmarkt statt. Neben einer Vielzahl von unterschiedlichen Gem\u00fcsesorten gibt es auch Kr\u00e4uter- und Blumenjungpflanzen. Die Jungpflanzen werden alle per Hand ges\u00e4t und pikiert und wachsen ausschlie\u00dflich mit Sonnenlicht zu gro\u00dfen Setzlingen heran. Das Saatgut beziehen wir von Reinsaat und ist daher gepr\u00fcfte Bio-Qualit\u00e4t und frei von Gentechnik.Die diesj\u00e4hringen Termine findest du hier:\" \/>\n<meta property=\"og:url\" content=\"https:\/\/biohof-sonnleiten.at\/?page_id=32\" \/>\n<meta property=\"og:site_name\" content=\"Biohof Sonnleiten\" \/>\n<meta property=\"article:modified_time\" content=\"2024-11-02T17:20:09+00:00\" \/>\n<meta property=\"og:image\" content=\"https:\/\/biohof-sonnleiten.at\/wp-content\/uploads\/2023\/04\/seedlings-gd5254de6e_1920.jpg\" \/>\n\t<meta property=\"og:image:width\" content=\"1920\" \/>\n\t<meta property=\"og:image:height\" content=\"1010\" \/>\n\t<meta property=\"og:image:type\" content=\"image\/jpeg\" \/>\n<meta name=\"twitter:card\" content=\"summary_large_image\" \/>\n<meta name=\"twitter:label1\" content=\"Gesch\u00e4tzte Lesezeit\" \/>\n\t<meta name=\"twitter:data1\" content=\"2\u00a0Minuten\" \/>\n<script type=\"application\/ld+json\" class=\"yoast-schema-graph\">{\"@context\":\"https:\/\/schema.org\",\"@graph\":[{\"@type\":\"WebPage\",\"@id\":\"https:\/\/biohof-sonnleiten.at\/?page_id=32\",\"url\":\"https:\/\/biohof-sonnleiten.at\/?page_id=32\",\"name\":\"Jungpflanzenmarkt - Biohof Sonnleiten\",\"isPartOf\":{\"@id\":\"https:\/\/biohof-sonnleiten.at\/#website\"},\"primaryImageOfPage\":{\"@id\":\"https:\/\/biohof-sonnleiten.at\/?page_id=32#primaryimage\"},\"image\":{\"@id\":\"https:\/\/biohof-sonnleiten.at\/?page_id=32#primaryimage\"},\"thumbnailUrl\":\"https:\/\/biohof-sonnleiten.at\/wp-content\/uploads\/2023\/04\/seedlings-gd5254de6e_1920.jpg\",\"datePublished\":\"2023-02-04T13:32:05+00:00\",\"dateModified\":\"2024-11-02T17:20:09+00:00\",\"breadcrumb\":{\"@id\":\"https:\/\/biohof-sonnleiten.at\/?page_id=32#breadcrumb\"},\"inLanguage\":\"de\",\"potentialAction\":[{\"@type\":\"ReadAction\",\"target\":[\"https:\/\/biohof-sonnleiten.at\/?page_id=32\"]}]},{\"@type\":\"ImageObject\",\"inLanguage\":\"de\",\"@id\":\"https:\/\/biohof-sonnleiten.at\/?page_id=32#primaryimage\",\"url\":\"https:\/\/biohof-sonnleiten.at\/wp-content\/uploads\/2023\/04\/seedlings-gd5254de6e_1920.jpg\",\"contentUrl\":\"https:\/\/biohof-sonnleiten.at\/wp-content\/uploads\/2023\/04\/seedlings-gd5254de6e_1920.jpg\",\"width\":1920,\"height\":1010},{\"@type\":\"BreadcrumbList\",\"@id\":\"https:\/\/biohof-sonnleiten.at\/?page_id=32#breadcrumb\",\"itemListElement\":[{\"@type\":\"ListItem\",\"position\":1,\"name\":\"Startseite\",\"item\":\"https:\/\/biohof-sonnleiten.at\/\"},{\"@type\":\"ListItem\",\"position\":2,\"name\":\"Jungpflanzenmarkt\"}]},{\"@type\":\"WebSite\",\"@id\":\"https:\/\/biohof-sonnleiten.at\/#website\",\"url\":\"https:\/\/biohof-sonnleiten.at\/\",\"name\":\"Biohof Sonnleiten\",\"description\":\"Artgerechte Gem\u00fcsehaltung\",\"publisher\":{\"@id\":\"https:\/\/biohof-sonnleiten.at\/#organization\"},\"alternateName\":\"Gem\u00fcsehof Sonnleiten\",\"potentialAction\":[{\"@type\":\"SearchAction\",\"target\":{\"@type\":\"EntryPoint\",\"urlTemplate\":\"https:\/\/biohof-sonnleiten.at\/?s={search_term_string}\"},\"query-input\":{\"@type\":\"PropertyValueSpecification\",\"valueRequired\":true,\"valueName\":\"search_term_string\"}}],\"inLanguage\":\"de\"},{\"@type\":\"Organization\",\"@id\":\"https:\/\/biohof-sonnleiten.at\/#organization\",\"name\":\"Biohof-Sonnleiten\",\"alternateName\":\"Gem\u00fcsehof Sonnleiten\",\"url\":\"https:\/\/biohof-sonnleiten.at\/\",\"logo\":{\"@type\":\"ImageObject\",\"inLanguage\":\"de\",\"@id\":\"https:\/\/biohof-sonnleiten.at\/#\/schema\/logo\/image\/\",\"url\":\"https:\/\/biohof-sonnleiten.at\/wp-content\/uploads\/2023\/02\/Logo-Sonnleiten.png\",\"contentUrl\":\"https:\/\/biohof-sonnleiten.at\/wp-content\/uploads\/2023\/02\/Logo-Sonnleiten.png\",\"width\":2732,\"height\":2048,\"caption\":\"Biohof-Sonnleiten\"},\"image\":{\"@id\":\"https:\/\/biohof-sonnleiten.at\/#\/schema\/logo\/image\/\"}}]}<\/script>\n<!-- \/ Yoast SEO plugin. -->","yoast_head_json":{"title":"Jungpflanzenmarkt - Biohof Sonnleiten","robots":{"index":"index","follow":"follow","max-snippet":"max-snippet:-1","max-image-preview":"max-image-preview:large","max-video-preview":"max-video-preview:-1"},"canonical":"https:\/\/biohof-sonnleiten.at\/?page_id=32","og_locale":"de_DE","og_type":"article","og_title":"Jungpflanzenmarkt - Biohof Sonnleiten","og_description":"Jedes Jahr im Fr\u00fchjahr findet bei uns am Hof ein Jungpflanzenmarkt statt. Neben einer Vielzahl von unterschiedlichen Gem\u00fcsesorten gibt es auch Kr\u00e4uter- und Blumenjungpflanzen. Die Jungpflanzen werden alle per Hand ges\u00e4t und pikiert und wachsen ausschlie\u00dflich mit Sonnenlicht zu gro\u00dfen Setzlingen heran. Das Saatgut beziehen wir von Reinsaat und ist daher gepr\u00fcfte Bio-Qualit\u00e4t und frei von Gentechnik.Die diesj\u00e4hringen Termine findest du hier:","og_url":"https:\/\/biohof-sonnleiten.at\/?page_id=32","og_site_name":"Biohof Sonnleiten","article_modified_time":"2024-11-02T17:20:09+00:00","og_image":[{"width":1920,"height":1010,"url":"https:\/\/biohof-sonnleiten.at\/wp-content\/uploads\/2023\/04\/seedlings-gd5254de6e_1920.jpg","type":"image\/jpeg"}],"twitter_card":"summary_large_image","twitter_misc":{"Gesch\u00e4tzte Lesezeit":"2\u00a0Minuten"},"schema":{"@context":"https:\/\/schema.org","@graph":[{"@type":"WebPage","@id":"https:\/\/biohof-sonnleiten.at\/?page_id=32","url":"https:\/\/biohof-sonnleiten.at\/?page_id=32","name":"Jungpflanzenmarkt - Biohof Sonnleiten","isPartOf":{"@id":"https:\/\/biohof-sonnleiten.at\/#website"},"primaryImageOfPage":{"@id":"https:\/\/biohof-sonnleiten.at\/?page_id=32#primaryimage"},"image":{"@id":"https:\/\/biohof-sonnleiten.at\/?page_id=32#primaryimage"},"thumbnailUrl":"https:\/\/biohof-sonnleiten.at\/wp-content\/uploads\/2023\/04\/seedlings-gd5254de6e_1920.jpg","datePublished":"2023-02-04T13:32:05+00:00","dateModified":"2024-11-02T17:20:09+00:00","breadcrumb":{"@id":"https:\/\/biohof-sonnleiten.at\/?page_id=32#breadcrumb"},"inLanguage":"de","potentialAction":[{"@type":"ReadAction","target":["https:\/\/biohof-sonnleiten.at\/?page_id=32"]}]},{"@type":"ImageObject","inLanguage":"de","@id":"https:\/\/biohof-sonnleiten.at\/?page_id=32#primaryimage","url":"https:\/\/biohof-sonnleiten.at\/wp-content\/uploads\/2023\/04\/seedlings-gd5254de6e_1920.jpg","contentUrl":"https:\/\/biohof-sonnleiten.at\/wp-content\/uploads\/2023\/04\/seedlings-gd5254de6e_1920.jpg","width":1920,"height":1010},{"@type":"BreadcrumbList","@id":"https:\/\/biohof-sonnleiten.at\/?page_id=32#breadcrumb","itemListElement":[{"@type":"ListItem","position":1,"name":"Startseite","item":"https:\/\/biohof-sonnleiten.at\/"},{"@type":"ListItem","position":2,"name":"Jungpflanzenmarkt"}]},{"@type":"WebSite","@id":"https:\/\/biohof-sonnleiten.at\/#website","url":"https:\/\/biohof-sonnleiten.at\/","name":"Biohof Sonnleiten","description":"Artgerechte Gem\u00fcsehaltung","publisher":{"@id":"https:\/\/biohof-sonnleiten.at\/#organization"},"alternateName":"Gem\u00fcsehof Sonnleiten","potentialAction":[{"@type":"SearchAction","target":{"@type":"EntryPoint","urlTemplate":"https:\/\/biohof-sonnleiten.at\/?s={search_term_string}"},"query-input":{"@type":"PropertyValueSpecification","valueRequired":true,"valueName":"search_term_string"}}],"inLanguage":"de"},{"@type":"Organization","@id":"https:\/\/biohof-sonnleiten.at\/#organization","name":"Biohof-Sonnleiten","alternateName":"Gem\u00fcsehof Sonnleiten","url":"https:\/\/biohof-sonnleiten.at\/","logo":{"@type":"ImageObject","inLanguage":"de","@id":"https:\/\/biohof-sonnleiten.at\/#\/schema\/logo\/image\/","url":"https:\/\/biohof-sonnleiten.at\/wp-content\/uploads\/2023\/02\/Logo-Sonnleiten.png","contentUrl":"https:\/\/biohof-sonnleiten.at\/wp-content\/uploads\/2023\/02\/Logo-Sonnleiten.png","width":2732,"height":2048,"caption":"Biohof-Sonnleiten"},"image":{"@id":"https:\/\/biohof-sonnleiten.at\/#\/schema\/logo\/image\/"}}]}},"_links":{"self":[{"href":"https:\/\/biohof-sonnleiten.at\/index.php?rest_route=\/wp\/v2\/pages\/32","targetHints":{"allow":["GET"]}}],"collection":[{"href":"https:\/\/biohof-sonnleiten.at\/index.php?rest_route=\/wp\/v2\/pages"}],"about":[{"href":"https:\/\/biohof-sonnleiten.at\/index.php?rest_route=\/wp\/v2\/types\/page"}],"author":[{"embeddable":true,"href":"https:\/\/biohof-sonnleiten.at\/index.php?rest_route=\/wp\/v2\/users\/1"}],"replies":[{"embeddable":true,"href":"https:\/\/biohof-sonnleiten.at\/index.php?rest_route=%2Fwp%2Fv2%2Fcomments&post=32"}],"version-history":[{"count":11,"href":"https:\/\/biohof-sonnleiten.at\/index.php?rest_route=\/wp\/v2\/pages\/32\/revisions"}],"predecessor-version":[{"id":239,"href":"https:\/\/biohof-sonnleiten.at\/index.php?rest_route=\/wp\/v2\/pages\/32\/revisions\/239"}],"wp:featuredmedia":[{"embeddable":true,"href":"https:\/\/biohof-sonnleiten.at\/index.php?rest_route=\/wp\/v2\/media\/120"}],"wp:attachment":[{"href":"https:\/\/biohof-sonnleiten.at\/index.php?rest_route=%2Fwp%2Fv2%2Fmedia&parent=32"}],"curies":[{"name":"wp","href":"https:\/\/api.w.org\/{rel}","templated":true}]}}